at is the units digit of 13941?
1
What is the hundreds digit of 6629?
6
What is the units digit of 64672?
2
What is the thousands digit of 3550?
3
What is the units digit of 150740?
0
What is the hundreds digit of 20425?
4
What is the tens digit of 218?
1
What is the tens digit of 5518?
1
What is the units digit of 17241?
1
What is the thousands digit of 31340?
1
What is the thousands digit of 14460?
4
What is the hundreds digit of 1034?
0
What is the hundreds digit of 9622?
6
What is the hundred thousands digit of 143009?
1
What is the thousands digit of 9544?
9
What is the tens digit of 21896?
9
What is the tens digit of 454?
5
What is the hundreds digit of 2026?
0
What is the ten thousands digit of 49091?
4
What is the thousands digit of 4729?
4
What is the thousands digit of 1150?
1
What is the thousands digit of 16695?
6
What is the tens digit of 56915?
1
What is the units digit of 9853?
3
What is the units digit of 235?
5
What is the units digit of 24924?
4
What is the units digit of 76?
6
What is the tens digit of 20319?
1
What is the thousands digit of 2591?
2
What is the hundreds digit of 1335?
3
What is the tens digit of 467?
6
What is the hundreds digit of 16896?
8
What is the thousands digit of 2630?
2
What is the tens digit of 4542?
4
What is the thousands digit of 9424?
9
What is the tens digit of 24136?
3
What is the thousands digit of 104273?
4
What is the hundreds digit of 1041?
0
What is the units digit of 66335?
5
What is the tens digit of 1015?
1
What is the ten thousands digit of 22912?
2
What is the thousands digit of 1130?
1
What is the hundreds digit of 6510?
5
What is the hundreds digit of 7701?
7
What is the hundred thousands digit of 180454?
1
What is the units digit of 98289?
9
What is the hundreds digit of 6212?
2
What is the tens digit of 148695?
9
What is the tens digit of 194407?
0
What is the tens digit of 29760?
6
What is the hundreds digit of 34754?
7
What is the ten thousands digit of 60628?
6
What is the units digit of 45800?
0
What is the hundreds digit of 134464?
4
What is the tens digit of 6235?
3
What is the hundreds digit of 2934?
9
What is the hundreds digit of 9936?
9
What is the tens digit of 11901?
0
What is the tens digit of 308?
0
What is the units digit of 16560?
0
What is the units digit of 298?
8
What is the units digit of 3236?
6
What is the hundreds digit of 1113?
1
What is the thousands digit of 12689?
2
What is the hundreds digit of 1993?
9
What is the hundreds digit of 4910?
9
What is the thousands digit of 6419?
6
What is the hundreds digit of 959?
9
What is the ten thousands digit of 14663?
1
What is the ten thousands digit of 15882?
1
What is the thousands digit of 5342?
5
What is the thousands digit of 34829?
4
What is the tens digit of 910?
1
What is the hundreds digit of 52378?
3
What is the ten thousands digit of 58344?
5
What is the hundreds digit of 4331?
3
What is the thousands digit of 103402?
3
What is the thousands digit of 3455?
3
What is the hundreds digit of 21585?
5
What is the thousands digit of 25168?
5
What is the hundreds digit of 29937?
9
What is the tens digit of 8596?
9
What is the tens digit of 1476?
7
What is the tens digit of 7649?
4
What is the tens digit of 1046?
4
What is the thousands digit of 2530?
2
What is the hundreds digit of 4119?
1
What is the hundreds digit of 117?
1
What is the units digit of 38275?
5
What is the tens digit of 1542?
4
What is the thousands digit of 35159?
5
What is the tens digit of 1265?
6
What is the units digit of 1799?
9
What is the tens digit of 54498?
9
What is the units digit of 1182?
2
What is the ten thousands digit of 64590?
6
What is the hundreds digit of 169869?
8
What is the tens digit of 13432?
3
What is the hundreds digit of 1207?
2
What is the hundreds digit of 7128?
1
What is the tens digit of 743?
4
What is the units digit of 1692?
2
What is the hundreds digit of 25752?
7
What is the hundreds digit of 10653?
6
What is the tens digit of 242?
4
What is the thousands digit of 1007?
1
What is the tens digit of 985?
8
What is the tens digit of 183?
8
What is the hundreds digit of 3919?
9
What is the ten thousands digit of 23314?
2
What is the hundreds digit of 33609?
6
What is the hundreds digit of 585?
5
What is the hundreds digit of 30924?
9
What is the tens digit of 1291?
9
What is the thousands digit of 5263?
5
What is the tens digit of 9957?
5
What is the units digit of 4366?
6
What is the units digit of 55312?
2
What is the tens digit of 1563?
6
What is the ten thousands digit of 121433?
2
What is the thousands digit of 165537?
5
What is the thousands digit of 3711?
3
What is the units digit of 16212?
2
What is the hundreds digit of 4695?
6
What is the units digit of 4958?
8
What is the ten thousands digit of 10386?
1
What is the tens digit of 410?
1
What is the tens digit of 20964?
6
What is the ten thousands digit of 10269?
1
What is the hundreds digit of 70855?
8
What is the units digit of 126751?
1
What is the units digit of 34469?
9
What is the units digit of 3122?
2
What is the units digit of 972?
2
What is the thousands digit of 1116?
1
What is the thousands digit of 1398?
1
What is the tens digit of 1334?
3
What is the tens digit of 5237?
3
What is the thousands digit of 11678?
1
What is the units digit of 3209?
9
What is the tens digit of 529?
2
What is the thousands digit of 194991?
4
What is the units digit of 975?
5
What is the thousands digit of 2281?
2
What is the tens digit of 778?
7
What is the units digit of 50274?
4
What is the units digit of 255?
5
What is the units digit of 404?
4
What is the thousands digit of 3297?
3
What is the tens digit of 9730?
3
What is the tens digit of 888?
8
What is the tens digit of 2850?
5
What is the units digit of 2707?
7
What is the thousands digit of 1010?
1
What is the units digit of 11847?
7
What is the hundreds digit of 601?
6
What is the hundreds digit of 1229?
2
What is the units digit of 426?
6
What is the units digit of 24596?
6
What is the ten thousands digit of 38854?
3
What is the tens digit of 994?
9
What is the hundreds digit of 424?
4
What is the tens digit of 87804?
0
What is the thousands digit of 29027?
9
What is the tens digit of 6110?
1
What is the thousands digit of 2360?
2
What is the thousands digit of 1397?
1
What is the tens digit of 3567?
6
What is the hundreds digit of 145?
1
What is the units digit of 2951?
1
What is the units digit of 1727?
7
What is the hundreds digit of 158510?
5
What is the hundreds digit of 5694?
6
What is the units digit of 155284?
4
What is the tens digit of 10149?
4
What is the units digit of 8631?
1
What is the units digit of 1145?
5
What is the thousands digit of 26289?
6
What is the hundreds digit of 393?
3
What is the units digit of 21876?
6
What is the tens digit of 2991?
9
What is the hundreds digit of 104?
1
What is the tens digit of 2081?
8
What is the ten thousands digit of 34498?
3
What is the tens digit of 21896?
9
What is the tens digit of 54937?
3
What is the hundreds digit of 829?
8
What is the hundreds digit of 51237?
2
What is the tens digit of 2277?
7
What is the ten thousands digit of 14199?
1
What is the tens digit of 564?
6
What is the units digit of 4170?
0
What is the tens digit of 1103?
0
What is the units digit of 4610?
0
What is the tens digit of 2411?
1
What is the tens digit of 43581?
8
What is the units digit of 1011?
1
What is the tens digit of 220?
2
What is the tens digit of 27980?
8
What is the thousands digit of 8686?
8
What is the tens digit of 2511?
1
What is the tens digit of 1003?
0
What is the units digit of 185?
5
What is the hundreds digit of 90015?
0
What is the thousands digit of 63810?
3
What is the tens digit of 826?
2
What is the hundreds digit of 61898?
8
What is the tens digit of 25555?
5
What is the thousands digit of 2632?
2
What is the units digit of 10157?
7
What is the units digit of 1866?
6
What is the tens digit of 137831?
3
What is the units digit of 16096?
6
What is the tens digit of 33388?
8
What is the hundreds digit of 5814?
8
What is the thousands digit of 145969?
5
What is the units digit of 1336?
6
What is the tens digit of 77302?
0
What is the thousands digit of 13255?
3
What is the hundreds digit of 1020?
0
What is the ten thousands digit of 20